- -553?
200066
In base 10, what is -1018040 - -24?
-1018016
In base 6, what is -101300031 + 21?
-101300010
In base 16, what is b827 - a22?
ae05
In base 5, what is 212011 - -4430200?
10142211
In base 15, what is -24 + -1be8?
-1c1c
In base 10, what is -9849293 + 5?
-9849288
In base 16, what is -24534a - 58?
-2453a2
In base 6, what is -120 + 21411203?
21411043
In base 15, what is 321961c - -1?
321961d
In base 2, what is 101 - -1000100001011001010110?
1000100001011001011011
In base 14, what is -119b902 + -2?
-119b904
In base 4, what is -133031 - 23310003?
-30103100
In base 12, what is 23 - -806a661?
806a684
In base 4, what is 11 - -1133110030033?
1133110030110
In base 8, what is -4 + 7540721?
7540715
In base 3, what is 1220100122 + 12010200?
2002111022
In base 14, what is -106cc4 + -220?
-107104
In base 12, what is 0 - -39215?
39215
In base 11, what is 2 - -1326444?
1326446
In base 4, what is -13102 + 122330132?
122311030
In base 16, what is 73 - -d0ba?
d12d
In base 12, what is 20 - 122128?
-122108
In base 8, what is -36245651 + 2?
-36245647
In base 6, what is 5 + 12132212335?
12132212344
In base 8, what is 3360 + -42122?
-36542
In base 12, what is -1 + -2191a51?
-2191a52
In base 7, what is -1 - -404604420?
404604416
In base 12, what is 9167a + -61?
91619
In base 14, what is -4 + -5bb671?
-5bb675
In base 16, what is 0 + -3b522b6?
-3b522b6
In base 4, what is 131211133 + -1132?
131210001
In base 9, what is 38 + -21760?
-21721
In base 10, what is -31390 + 4763?
-26627
In base 7, what is -50 - 156154621?
-156155001
In base 7, what is 16463 + 10300?
30063
In base 3, what is -12200 - -102010011?
101220111
In base 12, what is 1 - 924797b?
-924797a
In base 13, what is -9 - -8973953?
8973947
In base 13, what is -88 - -53049?
52c91
In base 11, what is 10 - 96340?
-96330
In base 8, what is -33640022 - 4?
-33640026
In base 6, what is 320155 - 10303?
305452
In base 6, what is 21352 + 42502?
104254
In base 13, what is 7 - -89a693?
89a69a
In base 3, what is 2111111000120 - -10?
2111111000200
In base 15, what is -7 - 61d59d?
-61d5a5
In base 15, what is b50443c + 0?
b50443c
In base 3, what is -10010120101212 + -1000000?
-10010121101212
In base 7, what is 3012 - -41316?
44331
In base 5, what is -24112 - -404431?
330314
In base 10, what is -17308811 + 18?
-17308793
In base 7, what is -13 + -3245633?
-3245646
In base 9, what is 15462 - 30502?
-14030
In base 6, what is 31 + -351312405?
-351312334
In base 12, what is 496b04 - 3?
496b01
In base 14, what is -77b312 - 1?
-77b313
In base 4, what is 11133231021 + -11003?
11133220012
In base 2, what is -111 + 111101001111111010000101001?
111101001111111010000100010
In base 12, what is 118 + 9676?
9792
In base 15, what is -2e29dc - -2?
-2e29da
In base 9, what is 8254 + 1537?
10802
In base 14, what is 329b3db - 1a?
329b3c1
In base 15, what is 15 + b0b05?
b0b1a
In base 9, what is 62822 - 848?
61863
In base 13, what is -85c6 + 296?
-8330
In base 5, what is -21114330102 + -1?
-21114330103
In base 5, what is 43401210203 - 34?
43401210114
In base 15, what is d + 67132?
67140
In base 13, what is 13 - -19ac36?
19ac49
In base 15, what is -4 - 250574?
-250578
In base 11, what is 1 - 5739099?
-5739098
In base 14, what is 9db14 - 38?
9daba
In base 16, what is 200f4986 + -2?
200f4984
In base 13, what is 3770 + -1461?
230c
In base 10, what is -4 + 377701?
377697
In base 16, what is 5 - 44c47a?
-44c475
In base 4, what is 110132223 + 3310?
110202133
In base 12, what is -a26583b - -1?
-a26583a
In base 13, what is b + -1326265?
-1326257
In base 6, what is 1 + 45352550?
45352551
In base 9, what is -5410 - -8130?
2620
In base 13, what is 11b019 + -72?
11ac77
In base 8, what is 37 + 2404322?
2404361
In base 9, what is 5 + -1387157?
-1387152
In base 5, what is 40 + 10343212?
10343302
In base 12, what is 40 - 1a761?
-1a721
In base 2, what is 11111110010 + -1100001011011111?
-1011101011101101
In base 4, what is 223013 + -222122?
231
In base 3, what is -10000121 + -1112011?
-11112202
In base 5, what is 0 + -20401244410?
-20401244410
In base 5, what is 140041 - 22224?
112312
In base 6, what is -1 + 1404032010?
1404032005
In base 13, what is 1 + -1c0c998?
-1c0c997
In base 7, what is -310 + 31414?
31104
In base 2, what is 1100110010010101100110010 - -110?
1100110010010101100111000
In base 16, what is 1 + 1bfab5?
1bfab6
In base 13, what is 7 + -113249c?
-1132495
In base 4, what is -22 - -1113302000023?
1113302000001
In base 2, what is 100011111 + -110010100010100010?
-110010011110000011
In base 12, what is -8a72542 - -2?
-8a72540
In base 11, what is 3 - -19035a29?
19035a31
In base 5, what is 1010001 - -1122?
1011123
In base 5, what is 2041314 + -2421?
2033343
In base 12, what is 11137b + -26?
111355
In base 13, what is -271 + aa0?
82c
In base 14, what is 1 - -17aa438?
17aa439
In base 11, what is -1 + -268a0731?
-268a0732
In base 4, what is 12210020213102 - 1?
12210020213101
In base 13, what is -43 - 22b785?
-22b7c8
In base 11, what is 0 - 44a72308?
-44a72308
In base 10, what is -48648 - -542?
-48106
In base 7, what is -55510424 + -65?
-55510522
In base 3, what is -1212210210010221101 + -10?
-1212210210010221111
In base 15, what is 1 - ea0245?
-ea0244
In base 16, what is -4 - 262b9?
-262bd
In base 9, what is 4236 - -634152?
638388
In base 2, what is 1100000101101011010001 + 1000?
1100000101101011011001
In base 3, what is -121012212120 - -212?
-121012211201
In base 12, what is 9ba4b0 + 4?
9ba4b4
In base 2, what is -1011101000010000001 + 11?
-1011101000001111110
In base 9, what is 6 - 1766340?
-1766333
In base 10, what is 136 - -1349102?
1349238
In base 8, what is -51 - -5134376?
5134325
In base 16, what is -2b6a1aa2 - -5?
-2b6a1a9d
In base 3, what is 10012021111 + -21111100?
2220210011
In base 12, what is -40a + 3b8a9?
3b49b
In base 16, what is -1bab - -bd3a?
a18f
In base 7, what is 156 + 3266662?
3300151
In base 13, what is -439259 - 29?
-439285
In base 4, what is 3 - 23313002321?
-23313002312
In base 5, what is 2314111 + 3131?
2322242
In base 4, what is 12031300 + 2012020?
20103320
In base 15, what is -2 + 3b71c43?
3b71c41
In base 7, what is 154 + 53660355?
53660542
In base 9, what is 3 - 1718580?
-1718576
In base 15, what is -191871 + 9?
-191867
In base 8, what is -1342 - 31424?
-32766
In base 8, what is -4 - 13771532?
-13771536
In base 3, what is 221102110220 - -212?
221102111202
In base 3, what is -12110010021201001 + -10?
-12110010021201011
In base 13, what is 3 - -548295?
548298
In base 13, what is -2270 + 1936?
-637
In base 13, what is 1 + -b08506?
-b08505
In base 4, what is 1021013231 - -1221?
1021021112
In base 13, what is 3a52 - -18?
3a6a
In base 4, what is 11102220 - 3102223?
1333331
In base 13, what is 4494c - -713?
45362
In base 12, what is 778 + 1a9b4?
1b570
In base 4, what is -331 + -203323223?
-203330220
In base 6, what is -131 + -21324234?
-21324405
In base 12, what is 1a780a + -47?
1a7783
In base 10, what is -3 + -6022688?
-6022691
In base 5, what is 24434103242 - 0?
24434103242
In base 12, what is 573317 + -7?
573310
In base 10, what is 8321816 - 3?
8321813
In base 10, what is -2751100 - 1?
-2751101
In base 5, what is -33401404431 + 32?
-33401404344
In base 16, what is 551 + 107c?
15cd
In base 8, what is 10406 - -3171?
13577
In base 6, what is 2241122050 + -1?
2241122045
In base 6, what is 20 + -530052510?
-530052450
In base 5, what is -3043042323402 + -4?
-3043042323411
In base 14, what is 52b8 + 7c1a?
d0d4
In base 12, what is 52441 - -93?
52514
In base 7, what is -2114652026 - -3?
-2114652023
In base 5, what is -1101000 - -1114?
-1044331
In base 12, what is 3 + 435972?
435975
In base 11, what is 2103 - 4a910?
-48808
In base 8, what is -1516 + 13756?
12240
In base 12, what is -2 - 7393246?
-7393248
In base 9, what is -11 + -112005000?
-112005011
In base 12, what is -7616217 + 1?
-7616216
In base 6, what is -2230 + -152105?
-154335
In base 13, what is -4 + -7a80b08?
-7a80b0c
In base 10, what is -3284 + -1954?
-5238
In base 3, what is -20012120002001220 - -1?
-20012120002001212
In base 15, what is 3 - -346d2c?
346d30
In base 14, what is -1a935a - -10?
-1a934a
In base 2, what is 1001100 - -101011100110100101?
101011100111110001
In base 3, what is 101001201 - -21022011?
122100212
In base 11, what is -24 - 18524267?
-18524290
In base 1